
7
What is the thousands digit of 488225?
8
What is the hundreds digit of 1831830?
8
What is the thousands digit of 11119779?
9
What is the tens digit of 689512?
1
What is the millions digit of 4311584?
4
What is the ten thousands digit of 6980015?
8
What is the units digit of 1937326?
6
What is the millions digit of 4590470?
4
What is the tens digit of 510765?
6
What is the ten thousands digit of 118965?
1
What is the millions digit of 4578780?
4
What is the hundred thousands digit of 832891?
8
What is the units digit of 36072414?
4
What is the tens digit of 503030?
3
What is the ten thousands digit of 4840098?
4
What is the tens digit of 86027?
2
What is the hundred thousands digit of 413993?
4
What is the tens digit of 2291534?
3
What is the hundred thousands digit of 217083?
2
What is the thousands digit of 9794237?
4
What is the hundred thousands digit of 5155614?
1
What is the thousands digit of 48597?
8
What is the hundred thousands digit of 181517?
1
What is the hundred thousands digit of 8580875?
5
What is the units digit of 315618?
8
What is the ten thousands digit of 1371376?
7
What is the ten thousands digit of 1674843?
7
What is the hundreds digit of 19174457?
4
What is the thousands digit of 288428?
8
What is the thousands digit of 1140072?
0
What is the thousands digit of 10417641?
7
What is the hundred thousands digit of 122418?
1
What is the thousands digit of 3842065?
2
What is the millions digit of 18850074?
8
What is the hundred thousands digit of 20313457?
3
What is the ten thousands digit of 3479288?
7
What is the hundred thousands digit of 327595?
3
What is the tens digit of 8432247?
4
What is the hundreds digit of 109164?
1
What is the thousands digit of 992354?
2
What is the units digit of 3402208?
8
What is the ten thousands digit of 204839?
0
What is the thousands digit of 1079396?
9
What is the millions digit of 2525390?
2
What is the millions digit of 7535381?
7
What is the tens digit of 7063904?
0
What is the hundred thousands digit of 29501573?
5
What is the thousands digit of 698520?
8
What is the units digit of 415336?
6
What is the units digit of 8261372?
2
What is the hundred thousands digit of 2307008?
3
What is the hundreds digit of 1817795?
7
What is the tens digit of 1706913?
1
What is the thousands digit of 604944?
4
What is the hundred thousands digit of 1392514?
3
What is the ten thousands digit of 2180060?
8
What is the thousands digit of 5852427?
2
What is the ten thousands digit of 197551?
9
What is the tens digit of 651040?
4
What is the tens digit of 238951?
5
What is the units digit of 2748251?
1
What is the units digit of 2393303?
3
What is the thousands digit of 205391?
5
What is the tens digit of 1796910?
1
What is the units digit of 9448885?
5
What is the ten thousands digit of 257464?
5
What is the ten thousands digit of 103423?
0
What is the ten thousands digit of 10525?
1
What is the units digit of 19867993?
3
What is the hundreds digit of 5277002?
0
What is the hundreds digit of 1756752?
7
What is the hundred thousands digit of 1236642?
2
What is the ten thousands digit of 449476?
4
What is the millions digit of 3826719?
3
What is the hundreds digit of 658213?
2
What is the hundreds digit of 85689?
6
What is the millions digit of 6739132?
6
What is the hundreds digit of 22596737?
7
What is the hundreds digit of 323862?
8
What is the hundred thousands digit of 511106?
5
What is the hundred thousands digit of 5666858?
6
What is the tens digit of 111931?
3
What is the tens digit of 738746?
4
What is the tens digit of 105554?
5
What is the thousands digit of 1477773?
7
What is the thousands digit of 44674?
4
What is the tens digit of 229073?
7
What is the millions digit of 3001221?
3
What is the tens digit of 8647317?
1
What is the ten thousands digit of 409838?
0
What is the hundreds digit of 3308567?
5
What is the hundred thousands digit of 25482320?
4
What is the millions digit of 11051128?
1
What is the units digit of 228180?
0
What is the hundred thousands digit of 518661?
5
What is the hundred thousands digit of 121212?
1
What is the hundreds digit of 1948573?
5
What is the ten thousands digit of 322117?
2
What is the ten thousands digit of 371096?
7
What is the thousands digit of 14187?
4
What is the hundred thousands digit of 124121?
1
What is the thousands digit of 386842?
6
What is the hundreds digit of 149540?
5
What is the hundreds digit of 23193240?
2
What is the ten thousands digit of 13293864?
9
What is the hundred thousands digit of 189437?
1
What is the ten millions digit of 10199932?
1
What is the hundreds digit of 9805546?
5
What is the millions digit of 2253396?
2
What is the tens digit of 126794?
9
What is the thousands digit of 451135?
1
What is the hundreds digit of 8004801?
8
What is the hundreds digit of 956116?
1
What is the tens digit of 1521983?
8
What is the units digit of 103729?
9
What is the hundred thousands digit of 2124416?
1
What is the hundreds digit of 530698?
6
What is the hundreds digit of 134434?
4
What is the hundred thousands digit of 7522798?
5
What is the ten thousands digit of 15254017?
5
What is the thousands digit of 8543791?
3
What is the units digit of 25333?
3
What is the tens digit of 513880?
8
What is the millions digit of 12495196?
2
What is the ten millions digit of 17760513?
1
What is the hundreds digit of 44859?
8
What is the hundred thousands digit of 310477?
3
What is the millions digit of 2172550?
2
What is the tens digit of 1540040?
4
What is the hundreds digit of 149298?
2
What is the ten thousands digit of 25583569?
8
What is the thousands digit of 9982848?
2
What is the units digit of 29036020?
0
What is the hundreds digit of 274650?
6
What is the millions digit of 1238471?
1
What is the tens digit of 2245379?
7
What is the ten thousands digit of 10401096?
0
What is the hundred thousands digit of 2023136?
0
What is the units digit of 5067747?
7
What is the thousands digit of 3356734?
6
What is the tens digit of 2205248?
4
What is the hundreds digit of 37307?
3
What is the thousands digit of 13947864?
7
What is the hundred thousands digit of 396893?
3
What is the tens digit of 462025?
2
What is the units digit of 1970299?
9
What is the ten thousands digit of 253427?
5
What is the ten thousands digit of 2513757?
1
What is the ten thousands digit of 2284693?
8
What is the units digit of 21278264?
4
What is the units digit of 70896?
6
What is the units digit of 18965505?
5
What is the hundreds digit of 1706387?
3
What is the thousands digit of 2119665?
9
What is the thousands digit of 705350?
5
What is the ten thousands digit of 591955?
9
What is the thousands digit of 2665641?
5
What is the units digit of 9604000?
0
What is the hundred thousands digit of 212200?
2
What is the hundreds digit of 4598011?
0
What is the ten thousands digit of 20983879?
8
What is the thousands digit of 17980?
7
What is the ten millions digit of 20176219?
2
What is the units digit of 198603?
3
What is the millions digit of 2415377?
2
What is the hundred thousands digit of 948964?
9
What is the hundreds digit of 697053?
0
What is the ten thousands digit of 54561?
5
What is the ten millions digit of 10644449?
1
What is the hundreds digit of 320896?
8
What is the hundred thousands digit of 1619973?
6
What is the units digit of 220084?
4
What is the tens digit of 116924?
2
What is the hundreds digit of 860031?
0
What is the thousands digit of 387817?
7
What is the thousands digit of 22843331?
3
What is the units digit of 288259?
9
What is the hundred thousands digit of 367720?
3
What is the millions digit of 19530564?
9
What is the tens digit of 344238?
3
What is the tens digit of 214243?
4
What is the thousands digit of 2484303?
4
What is the ten thousands digit of 10463802?
6
What is the hundred thousands digit of 942749?
9
What is the tens digit of 467606?
0
What is the tens digit of 1594933?
3
What is the tens digit of 9004322?
2
What is the units digit of 6367260?
0
What is the hundred thousands digit of 627394?
6
What is the thousands digit of 1892473?
2
What is the thousands digit of 871354?
1
What is the tens digit of 52208?
0
What is the tens digit of 521331?
3
What is the tens digit of 32789907?
0
What is the hundreds digit of 20726?
7
What is 